ue
Suppose f = -5*f + 34758. Is f a composite number?
True
Let p = -20 + 23. Is (0 + 1)*(1658 - p) a prime number?
False
Let x be (8/(-6))/((-2)/(-6)). Let v = 10 + -25. Let c = x - v. Is c a prime number?
True
Suppose 3*d - 14 = 2*n, -3*n - 2*d = d + 6. Let p be 280/10*7/4. Let k = p - n. Is k a prime number?
True
Let p(y) = 336*y**2 - 2*y + 1. Is p(1) a prime number?
False
Suppose -v = -0*v - 2. Suppose v*b + 4*h = 6*b - 260, 337 = 5*b + h. Is b prime?
True
Let r(g) = g**3 - 5*g**2 + 8*g - 5. Let p = 8 + -3. Is r(p) prime?
False
Let j be (8 - 11)*23/(-3). Suppose l - 59 = j. Is l a composite number?
True
Let l = 6 + -7. Is (298/8)/(l/(-4)) a prime number?
True
Let u(x) = x**3 - 9*x**2 - 9*x. Is u(10) composite?
True
Let l be (70/(-5))/(2/(-76)). Suppose 2*x - 266 = -2*z, z - 3*x = -3*z + l. Suppose -z = -5*y + 882. Is y composite?
True
Suppose -f - 8*j = -3*j - 719, -2940 = -4*f - 4*j. Is f a composite number?
False
Let n = 53 - 385. Let a = -152 - n. Suppose -5*h - 5*t + a = 0, -2*h + t - 4*t = -74. Is h a prime number?
False
Let h(x) = x**2 - x + 10*x**3 + 8*x**3 - 3*x**3 - 1 + 0. Let f be h(-1). Is (f - -1)*-2 + -1 prime?
False
Suppose 1764 + 345 = 3*l. Is l a composite number?
True
Suppose 0*z + 5*z = 5*y + 1715, -5*y + 672 = 2*z. Is z prime?
False
Let u be -2*(-1)/(-2) - 2. Let g be u/12 + 297/4. Let q = -37 + g. Is q prime?
True
Let f(a) = 201*a**2 - a - 3. Is f(2) a prime number?
False
Let l = 13 + -9. Suppose -5*m + l*c = -32, 4 = -c + 1. Is 2/(-20)*m*-55 prime?
False
Let a(r) = 11*r**2 + 5*r - 2. Let n be a(-7). Let y = n - 299. Is y composite?
True
Let r(f) = -5*f**2 - 9*f - 2. Let m(h) = h**2 + h - 1. Let w(b) = -4*m(b) - r(b). Let q be w(-4). Suppose -67 = -q*c + 51. Is c composite?
False
Suppose -s - 3*z = 29, 2*z - 158 = -0*s + 4*s. Suppose 3*t = 16 - 97. Let g = t - s. Is g a prime number?
True
Suppose -1623 + 531 = -3*y. Suppose -271 = -5*q + y. Is q a prime number?
True
Let c(d) = -3*d**3 - 10*d**2 - 12*d + 8. Is c(-7) a prime number?
True
Let f(w) = w**3 - w**2 - w - 1. Let q be f(0). Let j = -62 + 66. Is j*(150/8 - q) composite?
False
Let g = -8 - -4. Let s = 6 + g. Suppose u = -s*u + 237. Is u composite?
False
Let b(t) = 10*t**2 - 2*t - 4. Let i(c) = 7*c**2 - c - 3. Let n(s) = 5*b(s) - 7*i(s). Let u be (-6*(-1 + 3))/(-2). Is n(u) a composite number?
False
Suppose 1 = -2*l + 11. Let t be (6/(-15))/((-2)/(-50)). Is (-2)/l + (-674)/t prime?
True
Let k = -86 + -110. Let n = 183 - k. Is n a composite number?
False
Suppose -4*w + 9911 = 2443. Is w prime?
True
Is (1 - (-4390)/3) + (-2)/(-3) prime?
False
Let g(d) = -d**2 - d - 1. Let p be g(-2). Suppose -5*l - 130 = -0*u + u, -3*l = -5*u + 78. Is l/p*18/4 prime?
False
Suppose 3*g = g + 74. Suppose c = 5*p - 9, -4*c - p + 33 = 2*p. Let x = g - c. Is x a prime number?
True
Suppose -6 = -5*v - 36. Is (3 + -1)*(-2229)/v composite?
False
Let y be ((-2104)/(-12))/((-8)/(-12)). Suppose 0 = -2*f + f + y. Is f a prime number?
True
Suppose 0 = -3*d + j - 7, -4*d + 0*d + j - 10 = 0. Is (6/15)/(d/(-435)) prime?
False
Let h = -63 + 458. Suppose 0*t + h = 5*t. Is t composite?
False
Suppose 3*y - 3 = 0, -4*u + 9*u + 5 = -5*y. Is u/(-6) - 266/(-3) a composite number?
False
Let a = 6 + 1. Let f(p) = -7*p**2 + p**3 - 3*p**2 + 2*p + 3*p**2 + p + 4. Is f(a) a composite number?
True
Is (-46835)/(-57) + (-4)/6 a prime number?
True
Let k = 6 + -6. Suppose k = 3*n + 2*n - 395. Is n a prime number?
True
Suppose -285 = -2*g + 693. Suppose 0 = -5*o + 2*o + g. Is o composite?
False
Let c be 7/(-3) + 2/6. Is (4 + -1 + c)*31 prime?
True
Is -2*2/(-16) + 171097/172 composite?
True
Suppose -5*w + 24 = -3*u + 2*u, -3*w - 5*u - 8 = 0. Suppose 0 = -2*a + 4 + w. Is -1*113/(-4)*a prime?
True
Suppose -4*r + 0*p - p + 3252 = 0, 5*r + p = 4065. Is r composite?
True
Suppose m - 2433 = -t, 3*m = 4*t - 3146 - 6614. Is t a composite number?
False
Suppose -59 = -b + 82. Let q = 296 - b. Is q a prime number?
False
Let z = -838 - -2399. Is z a composite number?
True
Let q(u) = -12*u**2 + 3*u - 1. Let y(d) be the third derivative of d**5/5 - d**4/8 + d**2. Let k(m) = 2*q(m) + 3*y(m). Is k(3) prime?
True
Suppose -2*n = -4*w + 2232, 5*n - 288 - 259 = -w. Is w a prime number?
True
Suppose 5*c + a = 11, 2*c + 5*a - 15 = -3*c. Suppose 26 = c*d - d. Is d composite?
True
Suppose 2*h - 5 = 1. Suppose h*f = 158 + 199. Is f a composite number?
True
Let m = 9 + -4. Let o(q) = q**3 - 4*q**2 - 3*q - 7. Let r be o(m). Suppose p - 35 = 4*x, x + 92 = r*p + 2*x. Is p prime?
True
Let c = 1028 + -721. Is c prime?
True
Suppose -95 - 27 = 2*g. Let d = g + 98. Is d composite?
False
Suppose -3*h + 6*h + 30 = 0. Is h/4*-22 + -2 a composite number?
False
Suppose 0 = 4*u - 2*n - 2280, -97 = 3*u - 5*n - 1793. Suppose 4*w = -6*x + 2*x + 756, 3*x = -2*w + u. Is x composite?
True
Let k(r) = -r - 2. Let b be k(1). Let n(c) = -9*c + 6. Is n(b) prime?
False
Let q = 24 + 14. Is (-2)/(((-12)/q)/3) a composite number?
False
Let b(y) = 2*y + 7 - 2 + 9*y**2 - 5 - 4*y**3. Let o(i) = 7*i**3 - 17*i**2 - 3*i + 1. Let c(w) = 5*b(w) + 3*o(w). Is c(7) a composite number?
False
Let x be (1 - 3) + 4 + 0. Let f(d) = -2*d**2 + 3*d**2 - 3 - 14*d + 16 - x*d**2. Is f(-11) a composite number?
True
Let w = 32 - 6. Suppose 0 = -5*k + 5*q + 615, -w = -5*q - 6. Is k a prime number?
True
Let t(g) = 2*g**3 - 3*g**2 - 6*g + 2. Is t(7) a prime number?
True
Let g(c) = 138*c**2 + c - 98*c**2 + c + 1. Let b(x) = x**2 - 3*x - 1. Let r be b(3). Is g(r) prime?
False
Is (-802)/(-12) - 13/(-78) prime?
True
Let m(h) = -11*h. Let z be m(-1). Suppose 2*a = 51 - z. Let v = a + -9. Is v a prime number?
True
Let x be (-483)/(-6) - 1/(-2). Let m(v) = -7*v + 2. Let u be m(4). Let z = x + u. Is z composite?
True
Is ((-1)/(-1))/((-4)/(-260)) a prime number?
False
Let g(t) = 3*t - 3. Let d be g(2). Suppose 5*n = c + 3*c - 23, 0 = d*c - 4*n - 18. Suppose -5*x = 0, 3*l + c*x = 2*l + 35. Is l prime?
False
Let o(j) be the second derivative of j**4/12 + 5*j**3/6 - 3*j**2/2 - j. Is o(3) prime?
False
Let r = 299 - 206. Is r a prime number?
False
Suppose 5*k - 4*x - 15 = 0, 0*k - 4*k + 12 = 5*x. Let p(y) = -2*y - 2 + y**3 - 5*y**2 + k*y + 8*y**2. Is p(3) composite?
True
Suppose 6*h - 9 = 3*h. Suppose c + h*b = 82, -c + 0*c + 4*b + 75 = 0. Is c a composite number?
False
Suppose 6 = 2*d, -3*f - 5*d + 4*d = -1902. Is f composite?
True
Let k be 6 + 1624 - (0 - -2). Suppose -5*g + k = -g. Is g prime?
False
Let u = 2 - -10. Is ((-69)/9)/((-2)/u) a prime number?
False
Suppose 0 = -4*m - 0*m + 3460. Is m composite?
True
Let n = -182 - -108. Is (2 - n) + 14/(-7) a composite number?
True
Let n(v) = -v**2 - 3*v + 6. Let y be n(-5). Is ((-226)/(-4))/(y/(-8)) prime?
True
Let t(o) = -51*o + 3. Let r be t(-3). Let v = -224 + r. Is (v - -1)*(-1 + 0) prime?
True
Let y(c) be the second derivative of c**5/20 + 2*c**4/3 + c**2 + 3*c. Is y(-5) prime?
False
Let f(j) be the second derivative of 3/2*j**3 - 1/20*j**5 + 3/4*j**4 + 0 - 3*j + 13/2*j**2. Is f(10) a prime number?
True
Let w be 0 - (-250 + 2) - 1. Let t = -168 + w. Is t prime?
True
Let t = 573 + -897. Let o = -205 - t. Is o prime?
False
Let g(r) = -52*r + 17. Let u(d) = 17*d - 6. Let o be 2/(-7) + (-324)/42. Let z(p) = o*u(p) - 3*g(p). Is z(2) a prime number?
True
Is 5 + (-5 + 5 - -5) a composite number?
True
Let x(w) = -2*w**2 - 2*w - 2. Let j be x(-2). Let c be (-6)/8 + 589/(-4). Is j/4*c/6 composite?
False
Suppose -5*u = 6*u - 2453. Is u prime?
True
Let j be 0/2 + 24 + -2. Let o be j/6*54/(-3). Let n = o + 103. Is n composite?
False
Let d(h) = -h**3 - 9*h**2 - 6*h + 11. Let o be d(-8). Let g(u) = u**3 + 4*u**2 - 4*u - 2. Let z be g(o). Let i(c) = -c**2 - 7*c + 2. Is i(z) a composite number?
False
Let h(k) = 8*k - 6. Is h(2) a composite number?
True
Let z(u) = u - 7. Let w be z(10). Suppose -855 = -q - 2*q. Suppose -q = -w*b - 0*b. Is b a composite number?
True
Suppose 85480 = 12*l - 4*l. Is l a composite number?
True
Suppose 0 = -3*w - 2*g + 95, -2*w + 2*g - 33 = -3*w. Is w composite?
False
Suppose -3*c + 3507 = c + 3*j, -5*c + 4410 = -5*j. Is c prime?
False
Let i(r) = 5*r - 2. Is i(3) a prime number?
True
Let f = -19 - -29. Is (-1 - 2) + 90/f a prime number?
False
Let z(g) = 2*g**3 - 10*g - 17. Is z(10) a composite number?
True
Is (6/18)/(2/2406) composite?
False
Let n